. Give v(f).
-7
Let d = 38 + -41. Let v(k) = -3*k**2 + 2*k - 3*k - k**3 - k**2. Determine v(d).
-6
Let d(c) = 1 - 2*c + 3*c + 4*c**2 + c. Give d(-1).
3
Let j(b) = -4 + 2*b - 4 + b**2 + 4. Let w be (1/(-1) - -2) + 17 + -15. Give j(w).
11
Let g(b) be the second derivative of -b**5/60 + 7*b**4/24 - b**3/6 + 3*b. Let y(m) be the second derivative of g(m). Calculate y(5).
-3
Let c(x) = -2*x**2 - 49*x + 21. Let q be c(-25). Let r(o) be the first derivative of -o**4/4 - 4*o**3/3 + o**2/2 + 1. Calculate r(q).
-4
Let v(w) = -w**3 + 5*w**2 - 4. Let m = 68 - 63. Determine v(m).
-4
Let t(s) = s**3 + s + 11. Suppose -2*u + g + 10 = 0, -11 = u + 2*u + 5*g. Suppose u*o = 2*o. Determine t(o).
11
Let z(m) = m + 3. Let u be 4/3 - 1/3. Let c be 42/8 - (-6)/(-24). Suppose 5*d = -c*g - 15, -5*g - u = -2*d + 14. What is z(d)?
3
Suppose y - 2*y - 6 = -2*r, 3*y - 3 = -r. Let q(n) = -n**2 - n + 1. Let i(o) = 2*o**2 + 8*o - 7. Let p(a) = -i(a) - 3*q(a). Give p(r).
-2
Let a(q) be the second derivative of q**4/4 + q**3/2 - q**2/2 + 12*q. What is a(2)?
17
Let f(w) = w**2 + 7*w + 8. Let t(g) = 6*g**2 + 36*g + 40. Suppose -5*d = -3*k - 25, -3*d + 0*k - 2*k = 4. Let z(h) = d*t(h) - 11*f(h). Give z(6).
-2
Let r = -11 + 14. Let o(z) = -z - z**3 + z**2 + r + 2*z**2 + 3*z**2 + 7*z. What is o(7)?
-4
Let i(d) = 9 + 6*d - 2*d + d**2 + 3*d. Let j(s) = -s**3 + 3*s**2 - 5*s + 9. Let q be j(3). Give i(q).
3
Let q(j) be the third derivative of j**6/120 - j**5/15 - j**4/8 - j**3/6 + 9*j**2. Give q(5).
9
Let j(p) = 12*p**2 - p + 1. Let k(h) = -2*h**2 + 16*h - 7. Let s be k(7). Suppose -4*b + 31 - s = 5*i, -13 = -b - 3*i. Give j(b).
12
Let n(z) = -546*z**2 - 105*z. Let v(f) = -21*f**2 - 4*f. Let c(d) = -4*n(d) + 105*v(d). Calculate c(-1).
-21
Let w(h) = -5*h**2 + 5*h - 2. Let p(x) = -11*x**2 + 11*x - 4. Let v(y) = -4*p(y) + 9*w(y). Let s(t) = t**3 - 6*t**2 + 4*t + 7. Let r be s(5). Give v(r).
-4
Let u(p) = p**3 + 4*p**2 + p. Let i be (6/5)/(1/(15/(-6))). What is u(i)?
6
Let k(z) = 3*z**3 - 2*z**2 - 2*z - 1. Let y(c) = -3*c**3 - c + 1. Let m be y(1). Let u be m/((-9)/(-3)) - 0. Let i be k(u). Let b(j) = -j + 3. Calculate b(i).
7
Let j(b) = 7 + 5 + 0*b + b. Suppose 0 - 4 = -2*p. Suppose -25 = p*x - 3*w, 2*x - 2*w = -0 - 20. Determine j(x).
7
Let h = -2 + 5. Let i(b) = 5*b - 6. Suppose 5*d + l - 17 = 0, 0*d - 4*d + 2*l + 8 = 0. Let p(w) = -6*w + 7. Let o(r) = d*p(r) + 4*i(r). Give o(h).
3
Let n = -14 - -18. Suppose i - 5 = n*w, 2*w - 7*w - 1 = 4*i. Let v(q) be the second derivative of -3*q**5/5 + q**4/12 + q**3/6 - q**2/2 - q. What is v(i)?
-11
Let a(k) = k**3 - k**2. Let f(b) = -b**3 - 3. Let q be f(0). Let x be (-5)/5 + (-2 - -5). Let w = x + q. Determine a(w).
-2
Let a(l) = 2*l**3 - 5*l**2 - l + 1. Let s be a(3). Let q(r) = r**2 - 9*r - 4. Determine q(s).
-18
Suppose -d - d = -8. Let f(n) = n**2 - n - 1. Let w(l) = -l**2 - 3*l. Let s(m) = 2*f(m) + w(m). What is s(d)?
-6
Suppose d - 5 = -3, 0 = -4*h + d + 18. Let v = -5 + h. Let o(z) = z + 7. Determine o(v).
7
Let v(t) = -3*t**3 + t**2 - t - 3. Let k(n) = 2*n**3 - n**2 + n + 2. Let d(a) = -4*k(a) - 3*v(a). Determine d(-2).
-1
Let k(u) = 4*u**2 - 2*u - 2*u**2 - 2 - 3*u**2 - 3*u. Suppose -5*c + 4*w = -40, 4*w + w + 33 = 2*c. Suppose m - 10 = 2*r + 1, -c*m = -3*r - 24. What is k(r)?
2
Let c be 3/(-6)*(-9 + 1). Suppose -5 = c*a - 13. Let g(s) = -6*s + 3. Determine g(a).
-9
Let w(u) be the second derivative of 5/6*u**3 + 3*u + 0 - 1/2*u**2. What is w(-1)?
-6
Let c(w) = -w**3 + 9*w**2 + 11*w - 3. Let y be (-4)/((-24)/(-2)) + 93/9. Determine c(y).
7
Let w(l) = l**3 - 2 + 6*l + 2 + 2 + 15*l**2 - 9*l**2. Suppose -5 - 20 = 5*u. Determine w(u).
-3
Let w be (3 + -2)/(1 - 0). Let t(m) = 5*m - 11. Let s(f) = 3*f - 5. Let c(l) = 9*s(l) - 4*t(l). Determine c(w).
6
Let g(f) = -5*f**3 - f**2 - f + 1. Let b be (1 + -1)/((-6)/(-6)). Suppose -3*q + 18 - 3 = b. Suppose -q*y = -3*j - 2, 4*j = 2*j - y + 3. Calculate g(j).
-6
Let t = 15 + -16. Let i(w) = -w - 1. Let a(l) = -l - 3. Let y(h) = t*a(h) + 3*i(h). Let n(j) = -j**3 + 2*j - 1. Let k be n(-2). What is y(k)?
-6
Let o(u) = -2*u**2 + 10*u - 12. Let z(k) = -k**2 + 5*k - 6. Let v(t) = 3*o(t) - 5*z(t). Let b = -11 + 6. Let i = b - -9. Calculate v(i).
-2
Let r be (3*1)/(15/10). Let v(m) = -1 + 8*m**2 + m**3 + 0*m**3 + 3 - 9*m**r. Calculate v(2).
6
Let s(a) = -7*a - 1. Let j(y) = -y**2 - 14*y - 9. Let m be j(-13). Suppose 4 = m*p - 0. Give s(p).
-8
Let g(n) = -3*n + 10. Let l(f) = -2*f + 10. Let w(h) = 3*g(h) - 4*l(h). Give w(-10).
0
Suppose 4*z = 8, f + 0 = -z + 7. Let o(x) = -4*x + 2*x - f - 2*x + x + x**2. Let k = 10 - 5. Give o(k).
5
Let k(f) = -f**3 - 6*f**2 - 5*f + 4. Let w(a) = -a**2 - a. Let l(r) = -k(r) + 6*w(r). Suppose -3*d + 6*d = 0. What is l(d)?
-4
Suppose 7*o - 4*o = 15. Let f(d) = -d + 2*d - o*d + d - d**2 + 5. Let t = 3 + -7. Calculate f(t).
1
Let r = -24 + 45. Let z be 4/(-14) - (-6)/r. Let m(x) = z*x + x**2 + 1 + 0*x. What is m(-1)?
2
Let y(o) = -6*o**2 + 0*o - o**3 - 5*o + 4 + o. Suppose -15*q - 67 = 8. Determine y(q).
-1
Let f be -1*1/1 - -6. Let z(d) = -f*d - 1 + d + 2*d. Suppose -2*s - 3*s + 15 = 0. Calculate z(s).
-7
Let p(s) = 7*s + 13. Let g(x) = 3*x + 6. Let i(c) = -9*g(c) + 4*p(c). Suppose 4*z - 5*h = -1, 2*z + 1 = 3*h + 2. Determine i(z).
-6
Let p(r) = r**3 - 4*r**2 + 2*r - 4. Let b(m) = m**3 + 12*m**2 + 12*m + 14. Let j be b(-11). Determine p(j).
-7
Let x = -7 - -6. Let t(d) = 7*d**2 + 4*d + 1. Let y(l) = l. Let u(o) = x*t(o) + 3*y(o). What is u(-1)?
-7
Let n(m) = -2*m**2 + m - m**2 + m**2. Suppose 0 = -3*t + 6. Let f be n(t). Let d(w) = -w**3 - 5*w**2 + 5*w. What is d(f)?
6
Suppose -4*n + 3*n + 4*i - 14 = 0, 5*i = -4*n + 28. Let c be (-1)/(-3) - (-6)/9. Let t(l) = -5 + c + 2*l + 1. Give t(n).
1
Let v(y) = 7*y + 0 - 2 + 1 - 9*y + 2*y**3. Calculate v(2).
11
Let k(u) be the first derivative of 3 + 0*u + 1/120*u**5 + 0*u**2 - 1/3*u**3 + 1/8*u**4. Let f(i) be the third derivative of k(i). Give f(5).
8
Let r(t) = -1. Let i(n) = -n + 2. Let m(f) = -3*i(f) - 5*r(f). What is m(2)?
5
Suppose -15 = -3*w - 2*w. Let m be (4/2)/(2/w). Suppose -2*o = -4*l + 4, 3*l - 5*l = -m*o - 2. Let s(k) = -7*k**3 - k. Calculate s(l).
-8
Let l(b) = -b**3 + 6*b**2 - b - 3. Let h be l(5). Suppose 2*k - 2*x = -8, -5*k + x - h = -3*x. Let n(j) = 4*j**3 + j**2 - 1. What is n(k)?
-4
Let v(o) = 7*o**2 + 2*o + 1. Suppose -4 = 2*j + 3*u - 3, 2*u + 17 = j. Suppose -2*s - 5 = -j*s - 5*d, 3*s + 18 = 4*d. Let r = 1 + s. Determine v(r).
6
Let v(t) = t - 3. Let s(g) = -g + 2. Let j = 8 - 3. Let l(d) = j*v(d) + 7*s(d). Let x be ((-12)/(-8))/(3/(-8)). Give l(x).
7
Let h(q) = q**3 - 3*q**2 - 5*q - 1. Let p = 7 + -3. Calculate h(p).
-5
Let i(g) = -4*g + 5 - 8 - 2. What is i(-7)?
23
Suppose -2*f + 3*f - 3 = -3*k, -4*f = 0. Let j(s) = s**3 + 4*s**2 + 3*s + 1. Let z be j(-2). Let r(d) = 2*d**z + d**3 - d + 2*d - 1. What is r(k)?
3
Let y(g) be the first derivative of g**2 - 4*g + 74. Determine y(6).
8
Let b(v) = -v**3 + 4*v**2 + 4. Let r be 46/8 - (-24)/(-32). What is b(r)?
-21
Let u(g) = g - 1. Let p be u(6). Let m(h) be the second derivative of -h**3/6 + 3*h**2/2 + 3*h. What is m(p)?
-2
Let y(h) = -1 - h**3 - 5 - 2 + 2 + h**2. What is y(0)?
-6
Suppose 2*t + 6 = y, 0*y = -3*y - 5*t - 26. Let h(x) = -9*x + 2. Let d(f) = -f. Let z(w) = 5*d(w) - h(w). Give z(y).
-10
Let d be (-3)/2 + 49/14. Let x(g) = -3*g**2 + 4*g + 2*g**2 - 1 + 0*g**d. Calculate x(3).
2
Let a(o) be the first derivative of o**4/4 + o**3 - 5*o**2/2 - 3*o + 43. What is a(-4)?
1
Let b be (0/1 - (-12)/(-3))*2. Let p(c) = c**2 + 7*c - 2. Give p(b).
6
Let i(u) = -u**2 + 4*u - 3. Let c be i(2). Let p(o) = -o - 1 + c + 9*o**2. Determine p(1).
8
Let h(m) = -1 - 21*m**2 + 2 + 26*m**2. Give h(1).
6
Let b(d) = -d - 1. Let n = -13 - -7. Let p = n + 11. Suppose 2*r = -4*h - 10, p*r - h = 11 - 36. Give b(r).
4
Let p be 2/4*(-15 - (-12)/4). Let d(r) = r**2 + 7*r + 7. What is d(p)?
1
Let j(n) = -22*n**3 - 11*n**2 + 3*n + 8. Let q(p) = 7*p**3 + 4*p**2 - p - 3. Let x(l) = -3*j(l) - 8*q(l). Calculate x(1).
10
Let w = -18 - -27. Suppose 0 = -3*g - 0*g - 3*m + w, 0 = g + 5*m - 3. Let r(j) = -j**3 + 2*j**2 + 5*j - 2. Calculate r(g).
4
Let c(b) = -3*b**2 + b - 13. Let o(q) = -2*q**2 + 3*q - 12. Let d(u) = 3*c(u) - 4*o(u). Determine d(-9).
9
Let n = -3 - -2. Let h(o) = 3*o + 1. Let d(q) = 